{"id":3511,"date":"2021-09-12T18:49:34","date_gmt":"2021-09-12T18:49:34","guid":{"rendered":"https:\/\/jobufer.com\/?page_id=3511"},"modified":"2025-07-01T09:23:00","modified_gmt":"2025-07-01T09:23:00","slug":"recogida-de-aceite-en-restaurantes","status":"publish","type":"page","link":"https:\/\/jobufer.com\/index.php\/recogida-de-aceite-usado\/recogida-de-aceite-en-restaurantes\/","title":{"rendered":"Recogida de aceite en restaurantes"},"content":{"rendered":"<div class=\"wpb-content-wrapper\">\n<p>[vc_row][vc_column width=\u00bb1\/2\u2033][vc_column_text]<\/p>\n<h2><span style=\"color: #375ba0;\">RECOGIDA DE ACEITE EN RESTAURANTES<\/span><\/h2>\n<p class=\"Normal tm5 tm6\" style=\"text-align: justify;\"><span class=\"tm7\">La <span style=\"color: #375ba0;\"><strong><em><u>recogida de aceite en restaurantes<\/u><\/em><\/strong><\/span> y en todo el sector de la hosteler\u00eda en general,<em>\u00a0<\/em>es uno de los principales servicios que ofrecemos en la empresa<strong> <span style=\"color: #375ba0;\"><em>JOBUFER S.L.<\/em><\/span><\/strong>\u00a0Dicho servicio consiste <\/span><span class=\"tm7\">en la recogida de<span style=\"color: #375ba0;\"> aceite vegetal usado<\/span>, as\u00ed como de otro tipo de <span style=\"color: #a6b218;\">residuo biodegradable<\/span> procedente de cocina. Estos residuos son depositados correctamente en nuestros contenedores homologados y habilitados expresamente para dicha funci\u00f3n. El servicio se presta en el propio local del cliente, para luego trasladar el <span style=\"color: #375ba0;\"><em>aceite usado<\/em><\/span> a nuestra planta de tratamiento y reciclado, situada en el pol\u00edgono industrial de La Uni\u00f3n, localidad de la Regi\u00f3n de Murcia. De esta manera, mediante un moderno, eficaz e innovador proceso, se realiza el tratamiento y <span style=\"color: #375ba0;\"><em>reciclaje de los residuos <span style=\"color: #375ba0;\">de<\/span> aceite usado<\/em><\/span>, para su posterior conversi\u00f3n en <strong><span style=\"color: #375ba0;\">biodi\u00e9sel<\/span><\/strong> <span style=\"color: #a6b218;\">(<\/span><a href=\"https:\/\/www.rinconeducativo.org\/es\/recursos-educativos\/que-es-el-biodiesel\"><span style=\"color: #a6b218;\">\u00bfQu\u00e9 es el biodi\u00e9sel?<\/span><\/a>).<\/span><\/p>\n<p class=\"Normal tm5 tm6\" style=\"text-align: justify;\"><span class=\"tm7\">En el servicio de recogida de nuestra empresa <span style=\"color: #375ba0;\"><strong><em>JOBUFER S.L.<\/em><\/strong><\/span> tambi\u00e9n se sustituir\u00e1n los contenedores de aceite usado llenos por otros contenedores limpios e higienizados, donde todo el proceso tanto recogida como sustituci\u00f3n del contenedor, corre de parte de la empresa. Por otra parte, la frecuencia de<\/span><span class=\"tm7\">\u00a0<\/span><span style=\"color: #375ba0;\"><span style=\"color: #a6b218;\"><strong><span class=\"tm8\">recogida del aceite usado en restaurantes<\/span><\/strong><\/span><span class=\"tm8\" style=\"color: #000000;\"> se establecer\u00e1 conjuntamente con el hostelero al que estemos prestando servicio, <span class=\"tm7\">seg\u00fan necesidades y comodidad del establecimiento en cuesti\u00f3n<\/span>. En caso de necesitar otras <span style=\"color: #a6b218;\">recogidas extraordinarias<\/span> en periodos de mayor actividad, podr\u00e1 hacerlo contactando con nosotros a trav\u00e9s del tel\u00e9fono de atenci\u00f3n al cliente, o bien utilizando uno de los <span class=\"tm7\">canales de Whatsapp o email que tenemos habilitados para ello.<\/span><\/span><span class=\"tm7\"> Las recogidas extraordinarias de aceite usado en restaurantes tendr\u00e1n prioridad y ser\u00e1n atendidas en un plazo de 24-48 horas como m\u00e1ximo.<\/span><\/span><\/p>\n<p class=\"Normal tm5 tm6\" style=\"text-align: justify;\"><span class=\"tm7\">Toda la <span style=\"color: #375ba0;\"><strong><em><u>recogida de aceite en restaurantes<\/u><\/em><\/strong><\/span> y en hosteler\u00eda en general quedar\u00e1 reflejada en el contrato, donde tambi\u00e9n quedar\u00e1n reflejadas las condiciones y contraprestaciones fijadas entre <span style=\"color: #375ba0;\"><strong><em>JOBUFER S.L.<\/em><\/strong><\/span>\u00a0y el cliente, seg\u00fan el volumen de recogida de aceite vegetal usado en hosteler\u00eda y de los correspondientes certificados que acreditan el <span style=\"color: #375ba0;\">cumplimiento de las normativas<\/span> para la actividad (<a href=\"https:\/\/jobufer.com\/index.php\/normativayley\/\"><em><span style=\"color: #a6b218;\">ver normativa<\/span><\/em><\/a>) y para justificaci\u00f3n ante otros organismos e instituciones del cumplimiento de las normas aplicables al sector. De esta manera, todas cada una de la <span style=\"color: #375ba0;\"><em>recogida de aceite en restaurantes y hosteler\u00eda<\/em><\/span> aparecer\u00e1n guardadas en nuestra base de datos para poder demostrar en todo momento el cumplimiento estricto de las mismas, en caso de ser necesario acreditarlo en alg\u00fan momento.<\/span><\/p>\n<p>Nuestro sistema de recogida de aceite usado en restaurantes y su posterior reciclado es uno de los m\u00e1s eficientes de la regi\u00f3n de Murcia.[\/vc_column_text][\/vc_column][vc_column width=\u00bb1\/2\u2033][vc_single_image image=\u00bb2515\u2033 alignment=\u00bbcenter\u00bb style=\u00bbvc_box_circle_2\u2033][vc_empty_space][vc_column_text]<\/p>\n<p style=\"text-align: center;\"><strong>PUEDE SOLICITAR <\/strong><a href=\"https:\/\/jobufer.com\/index.php\/recogida\/\"><em><strong><u>UNA RECOGIDA<\/u><\/strong><\/em><\/a><strong> DE ACEITE USADO LLAMANDO <\/strong><\/p>\n<p style=\"text-align: center;\"><strong>A UNO DE NUESTROS TEL\u00c9FONOS DE ATENCI\u00d3N AL CLIENTE<\/strong><\/p>\n<h3 style=\"text-align: center;\"><strong>968 337 717 || 680633340<\/strong><\/h3>\n<h5 style=\"text-align: center;\">o bien rellenando y enviando el siguiente formulario: <span style=\"color: #a6b218;\"><strong><a style=\"color: #a6b218;\" href=\"https:\/\/jobufer.com\/index.php\/recogida\/\">PULSAR AQU\u00cd<\/a><\/strong><\/span>\n<\/h5>\n<p>[\/vc_column_text][\/vc_column][\/vc_row]<\/p>\n<\/div>","protected":false},"excerpt":{"rendered":"<p>[vc_row][vc_column width=\u00bb1\/2\u2033][vc_column_text] RECOGIDA DE ACEITE EN RESTAURANTES La recogida de aceite en restaurantes y en todo el sector de la hosteler\u00eda en general,\u00a0es uno de los principales servicios que ofrecemos en la empresa JOBUFER S.L.\u00a0Dicho servicio consiste en la recogida de aceite vegetal usado, as\u00ed como de otro tipo de residuo biodegradable procedente de cocina. [&hellip;]<\/p>\n","protected":false},"author":1,"featured_media":0,"parent":3456,"menu_order":0,"comment_status":"closed","ping_status":"closed","template":"","meta":{"rop_custom_images_group":[],"rop_custom_messages_group":[],"rop_publish_now":"initial","rop_publish_now_accounts":{"facebook_391207609099785_107747471705101":"","twitter_1455864053738483718_1455864053738483718":""},"rop_publish_now_history":[],"rop_publish_now_status":"pending","footnotes":""},"class_list":["post-3511","page","type-page","status-publish","hentry"],"meta_box":{"nt_forester_menutype":"p","nt_forester_section_name":["Menu item name"],"nt_forester_section_url":["#sectionname"],"nt_forester_page_nav_bgcolor":"","nt_forester_page_sticky_bg":"","nt_forester_page_nav_color":"","nt_forester_page_nav_hovercolor":"","nt_forester_page_nav_border_color":"","nt_forester_footer_display":"0","nt_forester_f_bgcolor":"","nt_forester_f_border_t_c":"","nt_forester_f_text_c":"","nt_forester_f_social_bg":"","nt_forester_f_social_i_c":"","nt_forester_page_hero_display":"0","nt_forester_page_bg_image":[{"width":150,"height":150,"file":"2025\/07\/furgoneta01-1.jpg","filesize":115528,"sizes":{"medium":{"file":"furgoneta01-1-300x107.jpg","width":300,"height":107,"mime-type":"image\/jpeg","filesize":12646,"url":"https:\/\/jobufer.com\/wp-content\/uploads\/2025\/07\/furgoneta01-1-300x107.jpg"},"large":{"file":"furgoneta01-1-1024x366.jpg","width":1024,"height":366,"mime-type":"image\/jpeg","filesize":44812,"url":"https:\/\/jobufer.com\/wp-content\/uploads\/2025\/07\/furgoneta01-1-1024x366.jpg"},"thumbnail":{"file":"furgoneta01-1-150x150.jpg","width":150,"height":150,"mime-type":"image\/jpeg","filesize":12744,"url":"https:\/\/jobufer.com\/wp-content\/uploads\/2025\/07\/furgoneta01-1-150x150.jpg"},"medium_large":{"file":"furgoneta01-1-768x274.jpg","width":768,"height":274,"mime-type":"image\/jpeg","filesize":31330,"url":"https:\/\/jobufer.com\/wp-content\/uploads\/2025\/07\/furgoneta01-1-768x274.jpg"},"1536x1536":{"file":"furgoneta01-1-1536x549.jpg","width":1536,"height":549,"mime-type":"image\/jpeg","filesize":75129,"url":"https:\/\/jobufer.com\/wp-content\/uploads\/2025\/07\/furgoneta01-1-1536x549.jpg"}},"image_meta":{"aperture":"0","credit":"","camera":"","caption":"","created_timestamp":"0","copyright":"","focal_length":"0","iso":"0","shutter_speed":"0","title":"","orientation":"1","keywords":[]},"ID":"4438","name":"furgoneta01-1.jpg","path":"\/home\/ra26399\/public_html\/wp-content\/uploads\/2025\/07\/furgoneta01-1.jpg","url":"https:\/\/jobufer.com\/wp-content\/uploads\/2025\/07\/furgoneta01-1-150x150.jpg","full_url":"https:\/\/jobufer.com\/wp-content\/uploads\/2025\/07\/furgoneta01-1.jpg","title":"furgoneta01 (1)","caption":"","description":"","alt":"","srcset":false}],"nt_forester_page_bg_color":"","nt_forester_page_header_height":"","nt_forester_header_p_top":"","nt_forester_header_p_bottom":"","nt_forester_title_display":"0","nt_forester_use_bigtitle":"0","nt_forester_alt_title":"","nt_forester_page_title_color":"","nt_forester_page_title_mb":"","nt_forester_disable_subtitle":"0","nt_forester_subtitle":"","nt_forester_page_subtitle_color":"","nt_forester_page_subtitle_maxw":"","nt_forester_page_subtitle_mb":"","nt_forester_page_bread_display":"0","nt_forester_page_herobtn_display":"0","nt_forester_page_herobtn_linktype":"external","nt_forester_page_herobtn":"","nt_forester_page_herobtn_url":"","nt_forester_page_herobtn_icon_display":"0","nt_forester_page_herobtn_icon":"","nt_forester_page_herobtn_iconpos":"before","nt_forester_page_herobtn_bg":"btn-primary","nt_forester_page_herobtn_custombg":"","nt_forester_page_herobtn_hoverbg":"","nt_forester_page_herobtn_titlecolor":"","nt_forester_page_herobtn_titlehover":"","nt_forester_page_herobtn_size":"btn-sm","nt_forester_pagelayout":"right-sidebar"},"_links":{"self":[{"href":"https:\/\/jobufer.com\/index.php\/wp-json\/wp\/v2\/pages\/3511","targetHints":{"allow":["GET"]}}],"collection":[{"href":"https:\/\/jobufer.com\/index.php\/wp-json\/wp\/v2\/pages"}],"about":[{"href":"https:\/\/jobufer.com\/index.php\/wp-json\/wp\/v2\/types\/page"}],"author":[{"embeddable":true,"href":"https:\/\/jobufer.com\/index.php\/wp-json\/wp\/v2\/users\/1"}],"replies":[{"embeddable":true,"href":"https:\/\/jobufer.com\/index.php\/wp-json\/wp\/v2\/comments?post=3511"}],"version-history":[{"count":18,"href":"https:\/\/jobufer.com\/index.php\/wp-json\/wp\/v2\/pages\/3511\/revisions"}],"predecessor-version":[{"id":4269,"href":"https:\/\/jobufer.com\/index.php\/wp-json\/wp\/v2\/pages\/3511\/revisions\/4269"}],"up":[{"embeddable":true,"href":"https:\/\/jobufer.com\/index.php\/wp-json\/wp\/v2\/pages\/3456"}],"wp:attachment":[{"href":"https:\/\/jobufer.com\/index.php\/wp-json\/wp\/v2\/media?parent=3511"}],"curies":[{"name":"wp","href":"https:\/\/api.w.org\/{rel}","templated":true}]}}