{"id":492,"date":"2017-04-11T21:29:51","date_gmt":"2017-04-11T21:29:51","guid":{"rendered":"https:\/\/ninetheme.com\/themes\/forester\/?page_id=492"},"modified":"2025-07-01T09:23:54","modified_gmt":"2025-07-01T09:23:54","slug":"equipo","status":"publish","type":"page","link":"https:\/\/jobufer.com\/index.php\/equipo\/","title":{"rendered":"Equipo"},"content":{"rendered":"<div class=\"wpb-content-wrapper\">\n<p>[vc_row][vc_column][vc_column_text]<\/p>\n<h1 style=\"text-align: center;\"><\/h1>\n<h1 style=\"text-align: center;\"><span style=\"color: #d6d6d6;\"><strong><span style=\"color: #a6b218;\">EQUIPO\u00a0 \u00a0DE\u00a0 \u00a0JOBUFER\u00a0 S.L.<\/span><\/strong><\/span><\/h1>\n<h3 style=\"text-align: center;\"><\/h3>\n<p>[\/vc_column_text][\/vc_column][\/vc_row][vc_row][vc_column][vc_column_text]<\/p>\n<hr>\n<h3><\/h3>\n<h3 style=\"text-align: center;\"><span style=\"color: #f2f2f2;\"><em>SOMOS\u00a0 <a style=\"color: #f2f2f2;\" href=\"https:\/\/jobufer.com\/index.php\/la-empresa-jobufer-gestores-residuos-aceite-vegetal-reciclado\/\">JOBUFER<\/a><\/em><\/span><\/h3>\n<p style=\"text-align: center;\">Conoce a los miembros de nuestro equipo<\/p>\n<p>\u00a0<\/p>\n<p>[\/vc_column_text][\/vc_column][\/vc_row][vc_row full_width=\u00bbstretch_row\u00bb css=\u00bb.vc_custom_1610879783969{padding-bottom: 80px !important;background-color: #ffffff !important;}\u00bb nt_row_loop_breakpoint=\u00bb%5B%7B%7D%5D\u00bb][vc_column 0=\u00bb\u00bb width=\u00bb1\/4\u2033]<\/p>\n<div>\n<div class=\"team-img mb20\"><img decoding=\"async\" class=\"team-img mb20\" src=\"https:\/\/jobufer.com\/wp-content\/uploads\/2017\/04\/directivos02.jpg\" alt=\"Direcci\u00f3n\"><\/div>\n<div class=\"member-info text-left\">\n<h3 class=\"black\">Direcci\u00f3n<\/h3>\n<h5 class=\"title black\">Directivos<\/h5>\n<p class=\"pt5\">Nuestro equipo directivo es el encargado de dirigir y coordinar todas las labores de la empresa, dot\u00e1ndola de un sistema moderno, \u00e1gil y eficaz de funcionamiento, propio de una empresa que ayuda a mejorar el medio ambiente y, por tanto, dotarnos de una mayor calidad de vida.<\/p>\n<\/div>\n<\/div>[\/vc_column][vc_column width=\u00bb1\/4\u2033]<div>\n<div class=\"team-img mb20\"><img decoding=\"async\" class=\"team-img mb20\" src=\"https:\/\/jobufer.com\/wp-content\/uploads\/2021\/01\/oficinas.jpg\" alt=\"Administraci\u00f3n\"><\/div>\n<div class=\"member-info text-left\">\n<h3 class=\"black\">Administraci\u00f3n<\/h3>\n<h5 class=\"title black\">Administrativos<\/h5>\n<p class=\"pt5\">Nuestro personal comercial y de administraci\u00f3n se encarga de atender y coordinar todas las peticiones de servicios  solicitado por nuestros proveedores\u00a0en horario de 09:00 a 17:00 horas, de lunes a viernes, de forma ininterrumpida<\/p>\n<\/div>\n<\/div>[\/vc_column][vc_column width=\u00bb1\/4\u2033]<div>\n<div class=\"team-img mb20\"><img decoding=\"async\" class=\"team-img mb20\" src=\"https:\/\/jobufer.com\/wp-content\/uploads\/2021\/02\/Foto-recogedor-e1613560549754.jpg\" alt=\"Operarios\"><\/div>\n<div class=\"member-info text-left\">\n<h3 class=\"black\">Operarios<\/h3>\n<h5 class=\"title black\">Operarios de planta<\/h5>\n<p class=\"pt5\">Nuestros operarios de planta se encargan de manipular de manera adecuada todo el material que recogemos e introducirlo en la cadena de limpieza y reciclado del producto. Su alta cualificaci\u00f3n les permite desarrollar su tarea con todas las garant\u00edas de reciclado.<\/p>\n<\/div>\n<\/div>[\/vc_column][vc_column width=\u00bb1\/4\u2033]<div>\n<div class=\"team-img mb20\"><img decoding=\"async\" class=\"team-img mb20\" src=\"https:\/\/jobufer.com\/wp-content\/uploads\/2021\/01\/conductor.jpg\" alt=\"vehiculos\"><\/div>\n<div class=\"member-info text-left\">\n<h3 class=\"black\">vehiculos<\/h3>\n<h5 class=\"title black\">Conductores<\/h5>\n<p class=\"pt5\">Disponemos de nuestra propia flota de veh\u00edculos y \u00a0recogedores, proporcionando un mejor servicio ya que disponen de la cualificaci\u00f3n y experiencia necesarios en el sector para desempe\u00f1ar el servicio de recogida y atenci\u00f3n a nuestros proveedores.\r\n<\/p>\n<\/div>\n<\/div>[\/vc_column][\/vc_row][vc_row full_width=\u00bbstretch_row\u00bb css=\u00bb.vc_custom_1619947088376{padding-top: 80px !important;padding-bottom: 80px !important;background-color: #2275bf !important;}\u00bb nt_row_loop_breakpoint=\u00bb%5B%7B%7D%5D\u00bb][vc_column offset=\u00bbvc_col-lg-offset-2 vc_col-lg-8 vc_col-md-offset-2 vc_col-md-8 vc_col-xs-12\u2033]<div class=\"owl-carousel owl-carousel-quote\" data-owl-autoplay=\"true\" data-owl-loop=\"true\" data-owl-dots=\"true\" data-owl-rewind=\"true\">\n<div class=\"quote-wrap text-center m-auto white\"><div class=\"quote-body\">\n<h2 class=\"pb30\">\n<em>\u201c<\/em> <span class=\"quote-text\">Un equipo de trabajo preparado profesionalmente y motivado<\/span> <em>\u201d<\/em>\n<\/h2>\n<div class=\"heading-title\">Equipo de JOBUFER<\/div>\n<\/div><\/div>\n<div class=\"quote-wrap text-center m-auto white\"><div class=\"quote-body\">\n<h2 class=\"pb30\">\n<em>\u201c<\/em> <span class=\"quote-text\">Un grupo concienciado con el respeto al medio ambiente<\/span> <em>\u201d<\/em>\n<\/h2>\n<div class=\"heading-title\">Equipo de JOBUFER<\/div>\n<\/div><\/div>\n<div class=\"quote-wrap text-center m-auto white\"><div class=\"quote-body\">\n<h2 class=\"pb30\">\n<em>\u201c<\/em> <span class=\"quote-text\">Responsablemente preparados con nuestra tarea<\/span> <em>\u201d<\/em>\n<\/h2>\n<div class=\"heading-title\">Equipo de JOBUFER<\/div>\n<\/div><\/div>\n<\/div>[\/vc_column][\/vc_row][vc_row full_width=\u00bbstretch_row\u00bb css=\u00bb.vc_custom_1619947022056{padding-top: 80px !important;padding-bottom: 80px !important;background-color: #bcc600 !important;}\u00bb nt_row_loop_breakpoint=\u00bb%5B%7B%7D%5D\u00bb][vc_column 0=\u00bb\u00bb]<div class=\"heading black text-center  vc_custom_1610878854111\">\n<div class=\"heading-title\" style=\" color:#8d8d8d!important;\">\u00bfNecesita informaci\u00f3n?<\/div>\n<h2 style=\" color:#ffffff!important;\">Contacte con nosotros<\/h2>\n<\/div>\n<div class=\"button text-center\"><a class=\"btn btn-sm btn-md btn-ghost-white\" data-scroll href=\"https:\/\/jobufer.com\/index.php\/contact-2\/\" style=\" border-radius:50px; background-color:#1e73be;\">Formulario de contacto<\/a><\/div>[\/vc_column][\/vc_row]\n<\/div>","protected":false},"excerpt":{"rendered":"<p>[vc_row][vc_column][vc_column_text] EQUIPO\u00a0 \u00a0DE\u00a0 \u00a0JOBUFER\u00a0 S.L. [\/vc_column_text][\/vc_column][\/vc_row][vc_row][vc_column][vc_column_text] SOMOS\u00a0 JOBUFER Conoce a los miembros de nuestro equipo \u00a0 [\/vc_column_text][\/vc_column][\/vc_row][vc_row full_width=\u00bbstretch_row\u00bb css=\u00bb.vc_custom_1610879783969{padding-bottom: 80px !important;background-color: #ffffff !important;}\u00bb nt_row_loop_breakpoint=\u00bb%5B%7B%7D%5D\u00bb][vc_column 0=\u00bb\u00bb width=\u00bb1\/4\u2033][\/vc_column][vc_column width=\u00bb1\/4\u2033][\/vc_column][vc_column width=\u00bb1\/4\u2033][\/vc_column][vc_column width=\u00bb1\/4\u2033][\/vc_column][\/vc_row][vc_row full_width=\u00bbstretch_row\u00bb css=\u00bb.vc_custom_1619947088376{padding-top: 80px !important;padding-bottom: 80px !important;background-color: #2275bf !important;}\u00bb nt_row_loop_breakpoint=\u00bb%5B%7B%7D%5D\u00bb][vc_column offset=\u00bbvc_col-lg-offset-2 vc_col-lg-8 vc_col-md-offset-2 vc_col-md-8 vc_col-xs-12\u2033][\/vc_column][\/vc_row][vc_row full_width=\u00bbstretch_row\u00bb css=\u00bb.vc_custom_1619947022056{padding-top: 80px !important;padding-bottom: 80px !important;background-color: #bcc600 !important;}\u00bb nt_row_loop_breakpoint=\u00bb%5B%7B%7D%5D\u00bb][vc_column 0=\u00bb\u00bb][\/vc_column][\/vc_row]<\/p>\n","protected":false},"author":1,"featured_media":0,"parent":0,"menu_order":2,"comment_status":"closed","ping_status":"closed","template":"custom-page.php","meta":{"rop_custom_images_group":[],"rop_custom_messages_group":[],"rop_publish_now":"initial","rop_publish_now_accounts":{"facebook_391207609099785_107747471705101":"","twitter_1455864053738483718_1455864053738483718":""},"rop_publish_now_history":[],"rop_publish_now_status":"pending","footnotes":""},"class_list":["post-492","page","type-page","status-publish","hentry"],"meta_box":{"nt_forester_menutype":"p","nt_forester_section_name":[],"nt_forester_section_url":[],"nt_forester_page_nav_bgcolor":"","nt_forester_page_sticky_bg":"","nt_forester_page_nav_color":"","nt_forester_page_nav_hovercolor":"","nt_forester_page_nav_border_color":"","nt_forester_footer_display":"0","nt_forester_f_bgcolor":"","nt_forester_f_border_t_c":"","nt_forester_f_text_c":"","nt_forester_f_social_bg":"","nt_forester_f_social_i_c":"","nt_forester_page_hero_display":"0","nt_forester_page_bg_image":[{"width":150,"height":150,"file":"2025\/07\/furgoneta01-1.jpg","filesize":115528,"sizes":{"medium":{"file":"furgoneta01-1-300x107.jpg","width":300,"height":107,"mime-type":"image\/jpeg","filesize":12646,"url":"https:\/\/jobufer.com\/wp-content\/uploads\/2025\/07\/furgoneta01-1-300x107.jpg"},"large":{"file":"furgoneta01-1-1024x366.jpg","width":1024,"height":366,"mime-type":"image\/jpeg","filesize":44812,"url":"https:\/\/jobufer.com\/wp-content\/uploads\/2025\/07\/furgoneta01-1-1024x366.jpg"},"thumbnail":{"file":"furgoneta01-1-150x150.jpg","width":150,"height":150,"mime-type":"image\/jpeg","filesize":12744,"url":"https:\/\/jobufer.com\/wp-content\/uploads\/2025\/07\/furgoneta01-1-150x150.jpg"},"medium_large":{"file":"furgoneta01-1-768x274.jpg","width":768,"height":274,"mime-type":"image\/jpeg","filesize":31330,"url":"https:\/\/jobufer.com\/wp-content\/uploads\/2025\/07\/furgoneta01-1-768x274.jpg"},"1536x1536":{"file":"furgoneta01-1-1536x549.jpg","width":1536,"height":549,"mime-type":"image\/jpeg","filesize":75129,"url":"https:\/\/jobufer.com\/wp-content\/uploads\/2025\/07\/furgoneta01-1-1536x549.jpg"}},"image_meta":{"aperture":"0","credit":"","camera":"","caption":"","created_timestamp":"0","copyright":"","focal_length":"0","iso":"0","shutter_speed":"0","title":"","orientation":"1","keywords":[]},"ID":"4438","name":"furgoneta01-1.jpg","path":"\/home\/ra26399\/public_html\/wp-content\/uploads\/2025\/07\/furgoneta01-1.jpg","url":"https:\/\/jobufer.com\/wp-content\/uploads\/2025\/07\/furgoneta01-1-150x150.jpg","full_url":"https:\/\/jobufer.com\/wp-content\/uploads\/2025\/07\/furgoneta01-1.jpg","title":"furgoneta01 (1)","caption":"","description":"","alt":"","srcset":false}],"nt_forester_page_bg_color":"","nt_forester_page_header_height":"","nt_forester_header_p_top":"","nt_forester_header_p_bottom":"","nt_forester_title_display":"1","nt_forester_use_bigtitle":"1","nt_forester_alt_title":"","nt_forester_page_title_color":"","nt_forester_page_title_mb":"","nt_forester_disable_subtitle":"1","nt_forester_subtitle":"","nt_forester_page_subtitle_color":"","nt_forester_page_subtitle_maxw":"","nt_forester_page_subtitle_mb":"","nt_forester_page_bread_display":"0","nt_forester_page_herobtn_display":"0","nt_forester_page_herobtn_linktype":"internal","nt_forester_page_herobtn":"solicitar recogida de aceite usado","nt_forester_page_herobtn_url":"https:\/\/jobufer.com\/index.php\/recogida\/","nt_forester_page_herobtn_icon_display":"1","nt_forester_page_herobtn_icon":"","nt_forester_page_herobtn_iconpos":"before","nt_forester_page_herobtn_bg":"btn-primary","nt_forester_page_herobtn_custombg":"","nt_forester_page_herobtn_hoverbg":"","nt_forester_page_herobtn_titlecolor":"","nt_forester_page_herobtn_titlehover":"","nt_forester_page_herobtn_size":"btn-lg","nt_forester_pagelayout":"right-sidebar"},"_links":{"self":[{"href":"https:\/\/jobufer.com\/index.php\/wp-json\/wp\/v2\/pages\/492","targetHints":{"allow":["GET"]}}],"collection":[{"href":"https:\/\/jobufer.com\/index.php\/wp-json\/wp\/v2\/pages"}],"about":[{"href":"https:\/\/jobufer.com\/index.php\/wp-json\/wp\/v2\/types\/page"}],"author":[{"embeddable":true,"href":"https:\/\/jobufer.com\/index.php\/wp-json\/wp\/v2\/users\/1"}],"replies":[{"embeddable":true,"href":"https:\/\/jobufer.com\/index.php\/wp-json\/wp\/v2\/comments?post=492"}],"version-history":[{"count":51,"href":"https:\/\/jobufer.com\/index.php\/wp-json\/wp\/v2\/pages\/492\/revisions"}],"predecessor-version":[{"id":4156,"href":"https:\/\/jobufer.com\/index.php\/wp-json\/wp\/v2\/pages\/492\/revisions\/4156"}],"wp:attachment":[{"href":"https:\/\/jobufer.com\/index.php\/wp-json\/wp\/v2\/media?parent=492"}],"curies":[{"name":"wp","href":"https:\/\/api.w.org\/{rel}","templated":true}]}}